4400 and 60486?
1186
Calculate the greatest common factor of 168128 and 2479.
37
What is the greatest common factor of 861 and 170191?
287
What is the highest common factor of 4292 and 18328?
116
What is the greatest common factor of 321330 and 150?
30
Calculate the highest common factor of 3351409 and 789.
263
What is the highest common divisor of 9046796 and 1221?
407
Calculate the greatest common factor of 338 and 301327.
169
What is the highest common divisor of 196 and 190008?
28
Calculate the highest common divisor of 4530 and 149037.
453
Calculate the highest common divisor of 40 and 6245.
5
What is the greatest common divisor of 467 and 12460027?
467
Calculate the greatest common factor of 43210 and 2533.
149
Calculate the highest common factor of 632097 and 1476.
369
Calculate the highest common factor of 45 and 176050.
5
Calculate the greatest common divisor of 2642 and 19040894.
2642
Calculate the greatest common factor of 80 and 121925.
5
What is the greatest common factor of 55 and 4301?
11
Calculate the highest common factor of 2499070 and 5320.
1330
What is the greatest common factor of 13674 and 1113?
159
Calculate the greatest common divisor of 4264 and 100.
4
Calculate the greatest common factor of 393288 and 1344.
168
What is the greatest common divisor of 3312 and 303984?
144
Calculate the greatest common factor of 245 and 79345.
35
What is the highest common divisor of 139368 and 108?
12
What is the greatest common factor of 590893 and 1058?
529
What is the greatest common factor of 1095 and 4642800?
1095
Calculate the highest common factor of 668 and 37909.
167
What is the greatest common factor of 101454 and 111?
111
Calculate the highest common divisor of 16 and 8422.
2
Calculate the highest common factor of 1120 and 483070.
70
Calculate the highest common divisor of 68120 and 38776.
1048
What is the greatest common factor of 1629 and 28269?
9
Calculate the greatest common factor of 210 and 15910.
10
Calculate the highest common divisor of 423 and 107818.
47
Calculate the greatest common factor of 95485 and 113.
113
Calculate the greatest common factor of 1680 and 3815.
35
Calculate the greatest common factor of 79856 and 20286.
322
Calculate the highest common factor of 7403 and 77.
11
What is the highest common divisor of 99463 and 8554?
91
Calculate the highest common factor of 2290 and 327928.
458
What is the highest common divisor of 492 and 372?
12
What is the greatest common factor of 402 and 1864677?
201
Calculate the greatest common factor of 720 and 90864.
144
Calculate the highest common divisor of 1664 and 55744.
832
What is the greatest common divisor of 429 and 13611?
39
What is the highest common factor of 5740 and 140?
140
What is the greatest common divisor of 2548 and 65702?
182
Calculate the highest common divisor of 18 and 106767.
9
What is the greatest common factor of 90 and 1973070?
90
Calculate the highest common divisor of 54348 and 3.
3
Calculate the highest common divisor of 316 and 374144.
316
Calculate the greatest common factor of 4 and 442168.
4
Calculate the greatest common divisor of 12760 and 3652.
44
What is the highest common factor of 5038 and 385?
11
What is the highest common factor of 482294 and 906?
302
What is the greatest common divisor of 1062 and 68322?
354
Calculate the greatest common divisor of 43 and 70305.
43
What is the highest common divisor of 2092 and 2176726?
1046
What is the highest common divisor of 4 and 119664?
4
What is the highest common divisor of 1470858 and 516?
258
Calculate the highest common factor of 6 and 16134.
6
Calculate the highest common divisor of 129 and 57.
3
What is the greatest common factor of 3098358 and 135?
27
Calculate the greatest common divisor of 862 and 2422.
2
What is the highest common factor of 256 and 57152?
64
What is the highest common divisor of 5 and 95005?
5
Calculate the greatest common divisor of 4660 and 4900.
20
What is the greatest common divisor of 42 and 351498?
42
Calculate the highest common factor of 1260 and 122976.
252
What is the greatest common factor of 60476 and 364?
52
What is the greatest common factor of 149 and 702?
1
Calculate the highest common divisor of 43549 and 4387.
107
Calculate the highest common divisor of 3112119 and 9.
9
What is the greatest common factor of 900 and 4365?
45
Calculate the greatest common divisor of 8565 and 225.
15
Calculate the greatest common divisor of 2500 and 48.
4
What is the highest common divisor of 261 and 9972?
9
What is the greatest common divisor of 72172 and 4?
4
Calculate the greatest common factor of 37908 and 7449.
39
What is the greatest common divisor of 46 and 92138?
46
What is the highest common factor of 48 and 423816?
24
What is the greatest common factor of 305 and 576084?
61
Calculate the greatest common divisor of 4769 and 2008.
251
What is the highest common factor of 28768 and 304?
16
Calculate the greatest common factor of 240192 and 1056.
96
What is the greatest common divisor of 240 and 75?
15
Calculate the highest common factor of 338 and 7440394.
338
What is the highest common factor of 39 and 114855?
39
What is the highest common factor of 5 and 87445?
5
What is the greatest common factor of 144 and 12592?
16
What is the greatest common divisor of 12 and 244788?
12
Calculate the greatest common divisor of 1517952 and 2010.
402
Calculate the highest common divisor of 27642 and 153.
51
Calculate the greatest common divisor of 632133 and 27.
9
What is the greatest common divisor of 70294 and 42?
14
Calculate the greatest common factor of 44 and 9185088.
44
What is the highest common factor of 420 and 16770?
30
Calculate the highest common factor of 109611 and 171.
171
What is the highest common divisor of 642 and 704274?
642
What is the highest common factor of 10150 and 9425?
725
Calculate the greatest common factor of 515 and 3877435.
515
What is the greatest common divisor of 99752 and 9773?
337
What is the highest common divisor of 229500 and 36975?
1275
Calculate the highest common factor of 12020 and 165.
5
Calculate the greatest common factor of 797712 and 32.
16
Calculate the greatest common factor of 62 and 659060.
62
Calculate the highest common divisor of 68 and 1232.
4
Calculate the highest common factor of 55451 and 33.
11
What is the greatest common factor of 531 and 129?
3
What is the greatest common factor of 1353565 and 1283?
1283
Calculate the highest common factor of 309714 and 41.
41
What is the highest common divisor of 928 and 5231136?
928
What is the highest common divisor of 96774 and 381?
381
What is the highest common divisor of 15 and 1692015?
15
What is the highest common divisor of 2783710 and 1160?
290
What is the highest common factor of 258705 and 45?
45
What is the highest common divisor of 486 and 27978?
6
What is the highest common factor of 26105 and 3105?
115
Calculate the highest common divisor of 16572 and 144.
12
Calculate the greatest common factor of 7114 and 12.
2
Calculate the highest common divisor of 146897 and 493.
17
What is the greatest common divisor of 6 and 93928?
2
Calculate the highest common factor of 2594 and 1176379.
1297
What is the greatest common divisor of 320 and 273040?
80
What is the highest common divisor of 71730 and 162?
18
Calculate the greatest common divisor of 5024 and 290764.
628
What is the highest common divisor of 126 and 850689?
63
Calculate the greatest common factor of 912 and 14968.
8
What is the greatest common divisor of 81230 and 10?
10
What is the greatest common divisor of 924 and 958364?
44
What is the highest common factor of 1548 and 5004?
36
What is the greatest common factor of 79 and 7214201?
79
What is the greatest common divisor of 1456 and 257348?
364
Calculate the greatest common factor of 576 and 3792.
48
What is the highest common factor of 2197 and 15041?
169
What is the highest common divisor of 1095886 and 3597?
1199
What is the highest common factor of 3960 and 1719036?
396
What is the highest common divisor of 264 and 53152?
88
What is the greatest common divisor of 84 and 1584786?
42
Calculate the greatest common divisor of 94 and 90898.
94
Calculate the highest common factor of 210 and 286420.
10
Calculate the greatest common divisor of 2285